= 2*a + 6. Let d be h(-5). Give i(d).
-3
Let o(n) be the first derivative of 10*n + 1 - 6*n + n**2 - 3*n**2. Let p(m) = 3*m - 3. Let x(a) = -5*o(a) - 7*p(a). Determine x(-5).
6
Let g(x) = -4 + 3*x + 0*x**2 - 9*x**2 - 12*x + 8*x**2. What is g(-7)?
10
Let z(y) = y - 12. Let k = 24 - 24. Give z(k).
-12
Let r be (16/(-10))/(4/(-10)). Suppose a = -4*h + 12, -12 = h - r*a + 2. Let x(y) = 0 - 3*y + h*y - 5. Calculate x(-4).
-1
Let x = -8 + 10. Suppose -2*u - 3*u - 2*i + 15 = 0, -x*u - 2*i = -6. Let t(p) = p**2 - 3*p - 2. Calculate t(u).
-2
Let u(p) be the second derivative of -5/6*p**3 + p + 1/12*p**4 + 0 + 3/2*p**2. Give u(4).
-1
Let q(j) be the second derivative of 5/2*j**2 + 0 - j - 1/6*j**3. Let c = 79 - 74. Determine q(c).
0
Let m = 5 - 3. Let w = -7 - -2. Let x = m + w. Let n(f) = -f. What is n(x)?
3
Let b(y) = -4*y**3 - 10*y**2 - 14. Let t(c) = -3*c**3 - 7*c**2 - 9. Let r(q) = -5*b(q) + 7*t(q). What is r(0)?
7
Suppose 4*g - 19 = c, -5*c + 4*g - 17 = -2*c. Let b(n) = 11*n**2 - n. Determine b(c).
10
Let p(g) = -4*g**2 - 5. Let c(j) = -3*j**2 + j - 4. Let d(s) = 3*c(s) - 2*p(s). Calculate d(4).
-6
Let u(r) = -2*r**3 - 3*r + 3*r**3 - 3 + 0*r - r**2. Let h be u(3). Let d(l) = -l + 7. Determine d(h).
1
Let k(l) = -l**3 + 2*l**2 - 2*l. Let b be k(2). Suppose 0 = -5*h + 1 + 4. Let y(f) = h - 2*f + 0 - 4. What is y(b)?
5
Let c(p) = 4*p**2 - 6*p + 8. Let v(f) be the third derivative of -f**5/12 + f**4/4 - 4*f**3/3 + 2*f**2. Let q(h) = -4*c(h) - 3*v(h). What is q(6)?
-8
Let m(f) = 6*f**2 - 5*f + 5. Suppose 3*n + 77 = 3*a + 17, 5*a + 3*n - 132 = 0. Let p(g) = 30*g**2 - 24*g + 24. Let s(v) = a*m(v) - 5*p(v). What is s(1)?
-6
Let z(h) = -h - 1. Suppose -4 = -4*s + 6*s. Give z(s).
1
Let h(d) be the first derivative of 2*d**3/3 - d**2/2 - d - 5. Determine h(-1).
2
Let d be -7 - 204/(-28) - 2/(-42). Let y(k) be the first derivative of 2*k - k**2 + 1 + d*k**3. Calculate y(3).
5
Let u(m) = 2*m + 1. Let d be (-27)/(-5) + (-6)/15 + -3. Calculate u(d).
5
Suppose -3*q + 3 = -3. Let h(c) be the first derivative of c**4/12 - c**3/2 + 3*c**2/2 + 2*c - 5. Let w(n) be the first derivative of h(n). Determine w(q).
1
Let h(u) = -2 - 2 + 7 + u. Suppose -2*z - 10 = -0. Calculate h(z).
-2
Let a = 0 - 6. Let p(f) = f**3 + 6*f**2 + 2*f + 9. Give p(a).
-3
Let m(w) be the first derivative of -w**3/3 - 3*w**2 - 4*w - 1. Suppose 70*i = 73*i + 18. What is m(i)?
-4
Let o(d) = d**2 - d. Let i(y) = -4*y - 2. Let k be (-2)/2 - 0/(-4). Let j(n) = k*o(n) + i(n). What is j(-2)?
0
Let l be 8/(-6)*6/(-4). Suppose d - 3 = q, -l*d + 5 - 3 = -q. Let x(k) = 1. Let f(g) = -2*g**2 + 6. Let n(j) = 2*f(j) - 12*x(j). Calculate n(d).
-4
Let c(u) = 2*u**2 - u**2 + 0*u - 6*u + 3 - 2*u**2. What is c(-7)?
-4
Let l(p) = -p - 4. Let v be l(-6). Let t be (v + (-22)/6)*-3. Suppose i - 6*i = -t. Let w(o) = 4*o**2 - 2*o + 1. Give w(i).
3
Suppose -3*c + 24 = -4*q, c - 11 + 1 = 2*q. Let h(z) = -2*z**2 - 2*z. Give h(q).
-12
Let k(a) = -1 - 46*a + 1 + 47*a. Calculate k(-6).
-6
Let v = -9 + 15. Let q = -4 + v. Let n(f) = -f**q + f + 1 - 2 + 2*f**2. What is n(-3)?
5
Let l be ((-4)/6)/(18/(-27)). Let o(k) = 12*k**3 - 7*k**2 + 7. Let s(d) = -13*d**3 + 8*d**2 - 8. Let j(c) = -7*o(c) - 6*s(c). Determine j(l).
-6
Let t(o) be the third derivative of -7*o**4/24 - 2*o**2. Let w(y) be the first derivative of y**4/4 - 7*y**3/3 + 7*y**2/2 - 5*y - 1. Let h be w(6). Give t(h).
-7
Let f(i) = -i**2 - 7*i - 3. Let q be f(-6). Let d(w) = 9*w - 3. Give d(q).
24
Suppose -y + 4*y - 15 = -b, -8 = -2*y. Let c(x) be the third derivative of 0 - b*x**2 - 7/24*x**4 + 1/6*x**3 + 0*x. Calculate c(1).
-6
Let g(s) = -4*s**3 + 5*s**2 - s - 9. Let v(b) = -5*b**3 + 4*b**2 - 9. Let w(x) = 4*g(x) - 3*v(x). What is w(7)?
12
Let q(t) = -5*t + 9. Let s(g) = -g + 2. Let x(l) = 2*q(l) - 11*s(l). Let a(u) = -2*u + 23. Let r be a(10). What is x(r)?
-1
Let d(b) = -5 - b + 5. Determine d(-5).
5
Let o(k) = -2*k**2 + 7*k - 10. Let v(u) = 5*u**2 - 22*u + 30. Let s(q) = -8*o(q) - 3*v(q). Give s(-11).
1
Let q(i) = -7*i**3 + i**2 - 2*i - 9. Let v(y) = -4*y**3 - y - 5. Let g(s) = -3*q(s) + 5*v(s). Give g(3).
5
Let t(k) = -k**3 - k**2 - k - 5. Suppose 13*d = 6*d. Calculate t(d).
-5
Let h(y) be the second derivative of -y**4/12 - 2*y**3/3 + 3*y**2/2 - 2*y. Suppose 4*b = -23 + 7. What is h(b)?
3
Suppose -2 = 5*h - 12. Let z(a) = -a**h - 2*a**3 - a - 6 + 0*a**2 + a**3. Calculate z(0).
-6
Let r(f) be the first derivative of 8*f**3/3 + f**2 - f + 1. Suppose -4*j + 0*z = 2*z - 6, 3*z - 5 = -4*j. Suppose -j*u = 3*u - 5. Calculate r(u).
9
Let k(f) = -f**3 + 2*f**2 + 4*f + 1. Let z(q) = 2*q - 7. Let b be z(7). Suppose 3*t = b + 17. Let h be 22/t + 2/8. Give k(h).
4
Suppose 2*r + 4*u - 10 = r, -21 = 3*r - 5*u. Let x(z) = z**3 + z + 1. Let m(c) = 2*c**3 - 3*c**2 + 2*c + 3. Let q(n) = m(n) - 3*x(n). Determine q(r).
-2
Let y(p) be the third derivative of -p**4/8 - 5*p**3/6 - 4*p**2. Let c(n) = -2*n - 2. Let f(x) = 7*c(x) - 3*y(x). What is f(1)?
-4
Let g(l) = -l**2 - 5*l - 2 - 3*l**2 + 2*l**2. Let d(b) = b**2 + 1. Let h(u) = 5*u**2 + u + 3. Let t(p) = -6*d(p) + h(p). Let j be t(0). What is g(j)?
-5
Suppose 2*g = -3*j + 12, 3*j + 8 + 1 = 5*g. Let b = j - 6. Let c(h) be the second derivative of -h**4/12 - h**3/2 + 5*h**2/2 + 2*h. Determine c(b).
1
Let k(y) be the second derivative of 0 + 1/12*y**4 + 3*y - 1/20*y**5 - 1/2*y**2 + 2/3*y**3. Let d = -5 - -8. What is k(d)?
-7
Let h(y) = y**3 - 3*y**2 + 3*y - 2. Let q(c) = -c**2 + 14*c + 3. Let o be q(14). Determine h(o).
7
Let k be -3 + (1 - 0) + -2. Let i(s) = s**2 + 4*s + 8. Let z(u) = u - 1. Let l(m) = -i(m) - 2*z(m). Calculate l(k).
2
Let z(k) = 4 - 3 + 3*k - 2*k. Suppose 0 = -0*d - 3*d - 4*n + 26, -2*d + 16 = 4*n. Let h be 4/12 - d/3. Give z(h).
-2
Suppose -5*q - 4 = -q. Let y(t) be the second derivative of t**3/3 - t**2/2 + t. What is y(q)?
-3
Let u = 1 - -2. Let f(q) = q**2 + 4*q - 10. Let y be f(-6). Let i(c) = -c + y - 3*c + 2 + c. Determine i(u).
-5
Suppose -4*h = 18 + 2. Let s = -4 - -5. Let l(u) = 5*u + s + u**2 + u - u. Give l(h).
1
Let o(h) = 7*h**2 + 12*h - 1. Let k(u) = -4*u**2 - 6*u. Let y(t) = 5*k(t) + 3*o(t). What is y(-6)?
-3
Let c = -5 + 7. Suppose 5*p - 4*u + 24 = -u, -c*u + 3 = p. Let l be 22/(-6) - 2/p. Let g(b) = -b**2 - 2*b + 1. Calculate g(l).
-2
Let f be (-2 - -2)/(3 - 1). Suppose -d = -f*d - 3. Let y be (1*-1)/(d + -4). Let o(a) = 3*a - 1. Give o(y).
2
Let u be (2/5)/((-4)/(-10)). Let n(b) be the first derivative of -u - 1/2*b**2 + b. Calculate n(0).
1
Suppose 5*u - 3*u - 4 = 0. Let l(c) be the second derivative of c**5/20 - c**4/6 + c**3/2 + 85*c + 1. Determine l(u).
6
Let h(s) = -2*s**2 + 5*s - 2. Let i be (3/(9/(-6)))/(-1). Let u(w) = i*w**3 + 3*w**2 + 3 + 0 - w**3. Let f be u(-3). Determine h(f).
-5
Let g(j) = j**2 + 7*j + 7. Let i be g(-5). Let k be 0 + i + 3 + 3. Let b(t) = -t**3 + 5*t**2 - 4*t. What is b(k)?
6
Let o(s) = s**2 + 4*s - 9. Let p be o(-5). Let i(r) = r - 2. Determine i(p).
-6
Let h be 2/(-8) + 28/(-16). Let a = 7 + h. Let p = a + -6. Let w(x) = 6*x**3 + 1. What is w(p)?
-5
Let a(s) = -1. Let w(d) = -d**2 + 3. Let o = 0 - 1. Let h(t) = o*w(t) - 2*a(t). Suppose 3 = -3*q - 0*q. What is h(q)?
0
Let a = -2 - -3. Let i(o) be the second derivative of -1/2*o**2 + 1/6*o**3 - 1/12*o**4 + 2/5*o**5 + 0 + 2*o. Calculate i(a).
7
Let q(c) = -c**2 + 7*c + 6. Suppose 100 = 10*b + 30. Determine q(b).
6
Let d(x) be the second derivative of 5*x**3/6 - x**2 + 4*x. Suppose 2 = 4*l - 10. Determine d(l).
13
Let x(k) be the first derivative of -k**7/840 - k**6/360 + k**5/60 + k**4/12 + k**3/3 + 2. Let d(h) be the third derivative of x(h). Calculate d(-2).
2
Let s(g) = -1 + 2 - 2*g - 6. What is s(-5)?
5
Let q(j) = 9*j**3 - 7*j**2 + 7*j - 9. Let w(g) = -4*g**3 + 4*g**2 - 4*g + 5. Let k(m) = 4*q(m) + 7*w(m). What is k(-1)?
-9
Let y(t) be the first derivative of t**7/840 - t**6/120 - 7*t**5/120 + 5*t**4/24 + 2*t**3 + 6. Let f(z) be the third derivative of y(z). What is f(4)?
-7
Let f be -1*(-3 + 4) + 3. Let j(b) = b + f*b**2 - 9*b**3 - 3 + 3 + 5*b**3. Calculate j(-1).
5
Let w(p) = -5*p**2 - 2*p**3 + p**3 + 0*p**2 + 263 - 257. Determine w(-5).
6
Let c(o) = o. Let b(g) = -g**2 - 9*g - 1. Let v(i) = -b(i) - 6*c(i). Let k be v(-2). Let m(y) = 7*y - 1. Calculate m(k).
-8
Let w(y) = -5*y**3 + 5*y**2. Let o(s) = 14*s**3 